 what is 2200021121 - -220?
2200022111
In base 9, what is 1 - 53061?
-53060
In base 14, what is -4 + 202d9?
202d5
In base 15, what is -121 - -c9?
-47
In base 3, what is 212 - -111012?
112001
In base 2, what is -100000100 + 101100010001?
101000001101
In base 10, what is 1 - 1891858?
-1891857
In base 11, what is -1085 - -2340?
1266
In base 14, what is 14 - 6b9?
-6a5
In base 7, what is -12 - 1551?
-1563
In base 3, what is -1112 - 120202011?
-120210200
In base 16, what is 6 - 219d?
-2197
In base 2, what is -11110000 - 100100?
-100010100
In base 4, what is -2 + 103232331?
103232323
In base 16, what is -82 - 51d?
-59f
In base 5, what is -1030 - -1222?
142
In base 14, what is 0 - 36da?
-36da
In base 6, what is -4 - -222234?
222230
In base 10, what is 4 + -24772?
-24768
In base 5, what is 1241 - 1104?
132
In base 6, what is 35 + -50002?
-45523
In base 13, what is -14 - 17644?
-17658
In base 5, what is -131422303 + -2?
-131422310
In base 9, what is -18686 + 24?
-18662
In base 13, what is 97 + 3a8c?
3b56
In base 11, what is 6a - 830?
-771
In base 4, what is 122002000 + 0?
122002000
In base 3, what is 200 - -2021120?
2022020
In base 14, what is 72 + -292?
-220
In base 15, what is a6 - 22?
84
In base 9, what is -156 + -1053?
-1220
In base 11, what is -56206 - -3?
-56203
In base 4, what is -20113 - 332010?
-1012123
In base 4, what is 111320 + -30?
111230
In base 12, what is -4881 + 6?
-4877
In base 9, what is -3 - -45784?
45781
In base 10, what is -2 - -54084?
54082
In base 14, what is -40 + -48c?
-4cc
In base 3, what is 100010 - 10222022?
-10122012
In base 3, what is -10101 - -20111?
10010
In base 16, what is -1581 - -e?
-1573
In base 15, what is -213e + -8a?
-21c9
In base 5, what is 21410 - 202?
21203
In base 13, what is -8 - -7a42?
7a37
In base 9, what is -3280 - 4?
-3284
In base 2, what is -10101110000001101 + 100000?
-10101101111101101
In base 4, what is -2203 + 10302201?
10233332
In base 9, what is -15 + 1826?
1811
In base 5, what is -13313033 + -1?
-13313034
In base 5, what is 30243311 + 3?
30243314
In base 6, what is -3 + 124432?
124425
In base 13, what is -1535 + 121?
-1414
In base 12, what is -17 + -12756?
-12771
In base 12, what is -44 - 570?
-5b4
In base 6, what is 420314 + -13?
420301
In base 4, what is -12223 - -30220?
11331
In base 6, what is -5 - 3240211?
-3240220
In base 2, what is -110011010011101001 + -1110?
-110011010011110111
In base 2, what is 101010011110011101 + 1?
101010011110011110
In base 2, what is 111001 - 10111110111010?
-10111110000001
In base 4, what is -132 - -11300333?
11300201
In base 10, what is -23 + -1321?
-1344
In base 15, what is -4 + 23587?
23583
In base 8, what is 67 - 27020?
-26731
In base 14, what is -64 + -ba4?
-c28
In base 10, what is -128 + -53438?
-53566
In base 3, what is -2101 + 2002020?
1222212
In base 14, what is -727 - -69?
-69c
In base 14, what is -921bc - -3?
-921b9
In base 13, what is -a9c + 14?
-a88
In base 8, what is -4 + -110610?
-110614
In base 4, what is 11 + 211222?
211233
In base 5, what is 1142 - 1343?
-201
In base 11, what is -291 - -2933?
2652
In base 14, what is 0 - -35c9d?
35c9d
In base 4, what is 1232323 - -10?
1232333
In base 13, what is 2 - -1a29?
1a2b
In base 5, what is 33 + -44043?
-44010
In base 13, what is 20 + b015?
b035
In base 6, what is 21 - 2414?
-2353
In base 15, what is -2d93 + 2?
-2d91
In base 2, what is -100011100001101 - -100?
-100011100001001
In base 15, what is 17ce - 0?
17ce
In base 9, what is 5 + -77148?
-77143
In base 14, what is 3849 - -34?
387d
In base 9, what is -1668 + -663?
-2442
In base 14, what is -1 - -1234?
1233
In base 4, what is 10 - 11111020?
-11111010
In base 12, what is 2b64 - 6?
2b5a
In base 11, what is 8 + 13348?
13355
In base 8, what is -4 + -13373?
-13377
In base 12, what is 18 - -30146?
30162
In base 10, what is -20911 - -35?
-20876
In base 2, what is 11101011000000011000 + -100?
11101011000000010100
In base 6, what is -500103 + -4?
-500111
In base 14, what is -75 - 5a?
-d1
In base 6, what is -231 - 13534?
-14205
In base 14, what is -8d3c + 17?
-8d25
In base 9, what is -2007 + 135?
-1762
In base 5, what is -2 + -322012?
-322014
In base 4, what is 10312 - 233?
10013
In base 6, what is -5 - 53410?
-53415
In base 2, what is 1111111110001001101 - 111?
1111111110001000110
In base 13, what is -c0 - 137?
-227
In base 8, what is 1 - 1246772?
-1246771
In base 9, what is 2 - -566767?
566770
In base 13, what is 269 + 2b?
297
In base 4, what is -13 - 10113313?
-10113332
In base 7, what is -15063 + 11?
-15052
In base 5, what is 310344244 + 2?
310344301
In base 16, what is -1e219b - -3?
-1e2198
In base 6, what is -124 - -114441?
114313
In base 11, what is -16 - -586?
570
In base 7, what is 23 - 2464?
-2441
In base 10, what is -176 + -94?
-270
In base 9, what is -6 + 37404?
37387
In base 14, what is 0 + -1086d2?
-1086d2
In base 10, what is -3 + 255457?
255454
In base 3, what is -110 - 100200120?
-100201000
In base 13, what is 20 - -9b7?
a07
In base 11, what is -1 + 6538?
6537
In base 8, what is 546 + -5752?
-5204
In base 9, what is 4127 + -40?
4077
In base 16, what is 73 - 84?
-11
In base 5, what is -1101 + 1113411?
1112310
In base 9, what is -48 - -3466?
3417
In base 13, what is 227 + 401a?
4244
In base 4, what is 2001100 - -11?
2001111
In base 2, what is -10 + -11000010011011010?
-11000010011011100
In base 10, what is 683 - 10082?
-9399
In base 6, what is 23 + -44035?
-44012
In base 15, what is -a4 - 1bdb?
-1c90
In base 14, what is -c0902 + -2?
-c0904
In base 15, what is 3e13 + -1a?
3de8
In base 5, what is -4 + -3114203?
-3114212
In base 8, what is -762 - 1225?
-2207
In base 8, what is -374667 - -5?
-374662
In base 15, what is -5 + -69962?
-69967
In base 2, what is -1100010011101001 + -101?
-1100010011101110
In base 5, what is 4210 - -433?
10143
In base 3, what is -211 - 2102?
-10020
In base 13, what is b3 + -a2b?
-948
In base 7, what is -1215 + -365?
-1613
In base 7, what is -520366 + 36?
-520330
In base 10, what is -2704 + -525?
-3229
In base 7, what is 3 - 1062462?
-1062456
In base 15, what is -4 - -3219a?
32196
In base 14, what is 3714 - 1a?
36d8
In base 3, what is 100 - -2101020122?
2101020222
In base 14, what is -5 + -4245?
-424a
In base 7, what is -425 - 2221?
-2646
In base 14, what is -893d + d?
-8930
In base 12, what is 1 + 449b5?
449b6
In base 10, what is 75921 - -17?
75938
In base 15, what is 538 - 21?
517
In base 6, what is -23 - -25453?
25430
In base 2, what is -100011111 + -111110000?
-1100001111
In base 8, what is -3606 - 100?
-3706
In base 16, what is -622 - e?
-630
In base 15, what is -75e49 + 4?
-75e45
In base 3, what is 100 - 11120022002?
-11120021202
In base 5, what is -4434440 - 2?
-4434442
In base 11, what is 263088 + 0?
263088
In base 9, what is -258347 + -4?
-258352
In base 13, what is 18 - -1847a?
18495
In base 9, what is 28563 + -1?
28562
In base 11, what is 6 + 1946?
1951
In base 2, what is 1011010010 - -10100?
1011100110
In base 9, what is -36 - 173843?
-173880
In base 11, what is -512 + -3975?
-4387
In base 9, what is -8068 - -4?
-8064
In base 13, what is -216c7 - -4?
-216c3
In base 4, what is 3 - 33202130?
-33202121
In base 7, what is 6 - -1240656?
1240665
In base 6, what is 21 + 12533?
12554
In base 5, what is 11412014 + 22?
11412041
In base 6, what is 353133 - 11?
353122
In base 5, what is -1223 + 230423?
224200
In base 15, what is -5 - 553?
-558
In base 16, what is 45 + 32b?
370
In base 12, what is -1a2860 + 0?
-1a2860
In base 9, what is -228336 + 5?
-228331
In base 15, what is -22ba + -6?
-22c1
In base 10, what is 61432 - 2?
61430
In base 2, what is -11 + -100111111110111?
-100111111111010
In base 4, what is 111 - -302023?
302200
In base 3, what is 21021 + -21221?
-200
In base 11, what is 10 + -102346?
-102336
In base 16, what is -1c0 + 155?
-6b
In base 9, what is -65 + -40?
-115
In base 10, what is -3 - -1491?
1488
In base 9, what is -4 + 1770?
1765
In base 13, what is 30a05 + b?
30a13
In base 7, what is 43 - -3020?
3063
In base 4, what is -3112 - -102221?
33103
In base 8, what is 231 - -434?
665
In base 2, what is -11 - 111000101010001010?
-111000101010001101
In base 7, what is 4 + -115345?
-115341
In base 12, what is 17a24 + 189?
17bb1
In base 7, what is -35122 + 24?
-35065
In base 3, what is 10102 - 11?
10021
In base 7,